 7
Let f = -6 + 2. Let b be f/(-30) - (-448)/240. Suppose 0 = 4*h - 4*x - 144, 2*h - 108 = -b*x - 24. List the prime factors of h.
3, 13
Let y = 24 + -99. Let c = y - -135. What are the prime factors of c?
2, 3, 5
Suppose 0 = -0*k - 5*k - 20. Let q(l) = -l**3 - 4*l**2 + 5. Let z be q(k). Suppose -z*d = -0*d - 45. What are the prime factors of d?
3
Let d(f) = -f**3 - 17*f**2 - f - 13. Let m be d(-17). Suppose 9*w - 54 = -4*g + m*w, 0 = -5*g - 5*w + 65. List the prime factors of g.
11
Let x = 339 - 605. What are the prime factors of 4/(-6) + x/(-3)?
2, 11
Let j = -55 - -60. Let l = -7 - -11. Suppose -j*k - c + 4 = -1, -l*k = -c - 13. List the prime factors of k.
2
Let x be (3/6)/((-1)/692). Let w = -206 - x. What are the prime factors of w?
2, 5, 7
Suppose -5*q - 8 = -3*q. Let y be -6*(q/1 - -1). Let i = y - -1. List the prime factors of i.
19
Let x(t) = 14*t - t - t**2 - 5*t - 7 + 12*t. List the prime factors of x(8).
89
Suppose 6649 = 2*x - 3*i, -10 = 13*i - 11*i. List the prime factors of x.
31, 107
Let w(d) = 9*d**2 - 1. Let t be w(2). Let s = 23 - t. Let o(i) = -i**3 - 11*i**2 + 12*i + 3. List the prime factors of o(s).
3
Suppose 0 = -5*c - 4*i - 7 - 6, -c - 5*i = 11. Let s(m) = m. Let f(b) = 4*b - 22. Let r(a) = c*f(a) + 5*s(a). List the prime factors of r(0).
2, 11
Suppose 4*t - 2*c = 2*c + 9916, 0 = 3*t - 4*c - 7433. What are the prime factors of t?
13, 191
Let g = -553 - -826. List the prime factors of g.
3, 7, 13
Let o be (-6 - -3)*(-28)/12*1. Let m(y) = 4*y**2 - 28*y + 10. List the prime factors of m(o).
2, 5
Let r = -1301 + 2305. What are the prime factors of r?
2, 251
Suppose 3*g + 5*h + 62 = 0, g - 2*h = -0*g - 39. Let r = g + 69. What are the prime factors of r?
2, 5
Suppose 1294 + 2505 = 2*v + 5*c, -5*v - c = -9555. What are the prime factors of v?
2, 239
Suppose 0 = -25*s + 19*s + 1782. List the prime factors of s.
3, 11
Let q(m) = 70*m**2 + 11*m + 65. List the prime factors of q(-6).
11, 229
Let o = 7 - 5. Let r = o - -3. Suppose -r*q + 10 = -5. List the prime factors of q.
3
Let z = 5096 - 2664. What are the prime factors of z?
2, 19
Let f(k) = -k**3 + 8*k**2 - 5*k - 7. Let j(v) be the first derivative of -v**3/3 - 3*v**2 - v - 2. Let b be j(-4). List the prime factors of f(b).
7
Let j(c) = 25 + 2*c**2 - c**2 - 12. Suppose -3*k - 2*t = 28, 3*k + t + 8 = 3*t. What are the prime factors of j(k)?
7
Let m(s) = s**3 + 16*s**2 + 11*s - 22. Let t be m(-15). Let h = 102 - t. List the prime factors of h.
2
Suppose -4*q = -9020 - 6828. List the prime factors of q.
2, 7, 283
Suppose 6*n - 1705 - 1823 = 0. List the prime factors of n.
2, 3, 7
Let s(y) = -y**3 - 2*y**2 + 3*y - 4. Let o be s(-3). List the prime factors of o - -21*2/2.
17
Let p(j) = 93*j - 200. List the prime factors of p(6).
2, 179
Let w = 25 - 21. Let c(r) = -13*r + w*r - 5*r. What are the prime factors of c(-2)?
2, 7
Let t be (2/(-4)*2)/(-1). Let s(o) = 55*o**2 + 1. List the prime factors of s(t).
2, 7
Suppose 3*h = 957 + 894. List the prime factors of h.
617
Suppose -3276 - 1730 = -2*g. List the prime factors of g.
2503
Suppose 0 = -r + 4*r - 12. Let n(k) = -94 + 3*k + 94. What are the prime factors of n(r)?
2, 3
Suppose -5*j - 4*f + f = -47, 16 = 4*f. Let u = j - -80. What are the prime factors of u?
3, 29
Let y = -705 + 1207. What are the prime factors of y?
2, 251
Let g = 2125 - 1151. What are the prime factors of g?
2, 487
Suppose -4*o = 2*x - 17398, 0 = -o + 231*x - 232*x + 4349. List the prime factors of o.
2, 3, 5, 29
List the prime factors of 315 - (7 + 7 - 8).
3, 103
Suppose 19 - 7 = 3*m. Suppose 0*p + 3*p = 2*o - 46, 4*p + 88 = m*o. What are the prime factors of o?
2, 5
Suppose 5*v - 82 = 83. Let n = 58 - v. List the prime factors of n.
5
Suppose -5*j - 16090 = -3*r, 4*r - 3*r - 5*j - 5380 = 0. List the prime factors of r.
3, 5, 7, 17
Suppose y = -4*k + 111, 2*k + 2*y = -y + 43. Suppose 0 = -5*x + 16 + k. List the prime factors of x.
3
Suppose -10 = 2*m + 14. Let s = m - -14. Suppose -3*v + 0*c + 16 = c, -s*c = -5*v + 45. What are the prime factors of v?
7
Let g(q) = q + 8. Let v be g(0). Let b(o) = o**2 - 7*o - 11. Let w be b(v). Let j = w + 13. What are the prime factors of j?
2, 5
Let z(b) = -b**2 - 5*b + 8. Let o(g) = -g**2 - 6*g + 9. Let l(j) = 6*o(j) - 7*z(j). Let c be l(5). Let p = 35 - c. What are the prime factors of p?
17
Let o(p) = 3*p**3 + 7*p**2 + 11*p - 140. List the prime factors of o(6).
2, 7, 59
What are the prime factors of (-2)/(-1)*(-11)/(-77)*2933?
2, 419
Let s be (-1)/2 + 9*102/36. What are the prime factors of ((8010/s)/9)/((-1)/(-5))?
2, 89
Suppose 0 = -3*s - 14 + 8. Let c(f) = 62 - 61 + 3*f + 4*f**2 + 0*f**2. What are the prime factors of c(s)?
11
Suppose 2*h - 3992 = 4*k - 9*k, -4*h = 4*k - 3184. What are the prime factors of k?
2, 5
Suppose -11 - 29 = -4*r. Let s(a) = 5*a - 3. Let o be s(3). List the prime factors of (o/r)/((-15)/(-250)).
2, 5
Suppose 16*j + 0*j = 10144. Suppose j = 9*s + 166. List the prime factors of s.
2, 13
Let i(w) = 30*w**3 - 4*w + 1. What are the prime factors of i(3)?
17, 47
Let l(t) = 3*t - 13. Let c be l(7). Suppose c*p - 1236 + 260 = 0. Suppose 14 - 68 = -3*w + 3*j, 5*w + 3*j - p = 0. What are the prime factors of w?
2, 11
Suppose 10*m - 2260 = 5*m. List the prime factors of m.
2, 113
Let s(h) = -h**3 - 6*h**2 - 38*h - 3. List the prime factors of s(-9).
2, 3, 97
Let b = -411 + 581. Suppose -11*l + b = -9*l. What are the prime factors of l?
5, 17
Suppose 26*f - 23*f = 612. Let c = f - 133. List the prime factors of c.
71
Suppose -3*c + 33 = -0*c. Suppose 0 = 3*b - c - 55. What are the prime factors of b?
2, 11
What are the prime factors of (-10*930/48)/(2/(-8))?
5, 31
What are the prime factors of (19 + 0)/(14/644)?
2, 19, 23
Suppose 4*h - 17 - 15 = 0. Let g = -5 + h. Suppose 3*j - g = 0, 8 = 3*w - j - 87. List the prime factors of w.
2
Suppose -l = -2, -4*d - 697 = 4*l - 3197. List the prime factors of d.
7, 89
Suppose -2*c - 321 = j - 1267, 4*j - 3724 = 4*c. What are the prime factors of j?
2, 3, 13
List the prime factors of (276 - -34)/(4/10).
5, 31
Suppose 8*h + 14*h = 14102. What are the prime factors of h?
641
Suppose 966 + 42105 = 21*l. List the prime factors of l.
7, 293
Let i(f) = 6*f**3 - 5*f**2 + 24*f. List the prime factors of i(5).
5, 149
Let o(l) = -11*l**3 + 2*l**2 - 15*l - 3. What are the prime factors of o(-5)?
3, 499
Let y(r) = 2*r**3 + 40*r**2 + 38*r - 3. List the prime factors of y(-11).
7, 251
Let d = -4 - 15. Let y = d + 27. List the prime factors of y.
2
Suppose -4*b = -2*b - 3*c - 2, 2*c = 3*b - 13. Let q(s) = -s**3 + 8*s**2 + 6*s - 1. Let a be q(b). Suppose a = -5*k + 10*k. What are the prime factors of k?
2, 3
Suppose 5*c = 4*d - 2450, -6*c - 1238 = -2*d - 10*c. List the prime factors of d.
3, 5, 41
Suppose 24158 = 12*y - 802. List the prime factors of y.
2, 5, 13
Let u(n) = -n**3 - 33*n**2 + 71*n + 75. List the prime factors of u(-35).
2, 5
Let n(d) = 24*d - 103. What are the prime factors of n(6)?
41
Let k = -18 - -23. Let v be (1 + 0)/((-5)/k). What are the prime factors of 24 + v/(1/(-1))?
5
Let q be (0 - 3)*6 + -2. Let o = -14 - q. What are the prime factors of o/(-45) + 62/15?
2
Suppose -4*i - 3*h + 468 = 0, 44*i - 4*h = 46*i - 244. List the prime factors of i.
2, 3, 19
Let l(z) = -13*z + 4*z - z - 5 - 2*z**2 - 5*z. Let t be l(-7). Suppose -t*w + 4*w - 18 = 0. List the prime factors of w.
3
Suppose 0 = -0*i + 3*i + 396. Let o = i - -293. List the prime factors of o.
7, 23
Let i = -18 - -18. Suppose -a = 2*a + 2*l - 19, i = 5*a + 3*l - 31. Suppose a*j = 8*j - 15. What are the prime factors of j?
5
Let i be (-20)/(-6)*24/10. Let c be (-6)/(-2) - (-5 + i). Suppose c = -v + 3, v = -2*b + 121 - 36. List the prime factors of b.
41
Suppose 6*o = o, -2*o - 91 = -u. Suppose -41 = -3*f - b + 42, 0 = 3*f + 5*b - u. List the prime factors of f.
3
Let d be (-1)/(2/(-4)) - 2. Suppose 4*m + 2*g + 2*g - 44 = d, 0 = 5*m - g - 61. Suppose -5*t = -m - 208. List the prime factors of t.
2, 11
Let h be ((-30)/(-20))/((-2)/20). Let v be (h/4)/((-27)/144). Let c = v - -7. What are the prime factors of c?
3
Let b be (-30)/4*6/(-9) - 0. Suppose b*p = 65 + 75. What are the prime factors of p?
2, 7
Let d = -1 - -8. Let t be 0 + 14 + -10 + d. List the prime factors of t/(-1 - 6/(-3)).
11
Let f = 5 -